{"id":60,"date":"2024-12-09T09:17:53","date_gmt":"2024-12-09T09:17:53","guid":{"rendered":"https:\/\/orosound.com.tr\/?page_id=60"},"modified":"2025-02-15T07:24:32","modified_gmt":"2025-02-15T07:24:32","slug":"anasayfa","status":"publish","type":"page","link":"https:\/\/orosound.com.tr\/","title":{"rendered":""},"content":{"rendered":"\n<details class=\"wp-block-details is-layout-flow wp-block-details-is-layout-flow\"><summary><\/summary><\/details>\n\n\n\n<h4 class=\"wp-block-heading has-text-align-center has-theme-palette-4-color has-text-color has-link-color wp-elements-2ef8f082548c219caefe887b1624f8b4\">Petamaster Teknoloji Yat\u0131r\u0131m <strong>fark\u0131yla<\/strong> Orosound <strong>art\u0131k<\/strong> T\u00fcrkiye&#8217;<strong>de<\/strong> !<\/h4>\n\n\n\n<p class=\"has-text-align-center has-medium-font-size\"><\/p>\n\n\n\n<div class=\"wp-block-group\"><div class=\"wp-block-group__inner-container is-layout-constrained wp-block-group-is-layout-constrained\">\n<div class=\"wp-block-group\"><div class=\"wp-block-group__inner-container is-layout-constrained wp-block-group-is-layout-constrained\">\n<div class=\"wp-block-nextend-smartslider3\"><\/div>\n<\/div><\/div>\n\n\n\n<p><\/p>\n<\/div><\/div>\n\n\n\n<div class=\"wp-block-columns is-layout-flex wp-container-core-columns-is-layout-9d6595d7 wp-block-columns-is-layout-flex\">\n<div class=\"wp-block-column is-layout-flow wp-block-column-is-layout-flow\"><\/div>\n<\/div>\n\n\n\n<p><\/p>\n\n\n\n<p><\/p>\n","protected":false},"excerpt":{"rendered":"<p>Petamaster Teknoloji Yat\u0131r\u0131m fark\u0131yla Orosound art\u0131k T\u00fcrkiye&#8217;de !<\/p>\n","protected":false},"author":1,"featured_media":0,"parent":0,"menu_order":0,"comment_status":"closed","ping_status":"closed","template":"","meta":{"_kadence_starter_templates_imported_post":false,"_kad_post_transparent":"disable","_kad_post_title":"hide","_kad_post_layout":"normal","_kad_post_sidebar_id":"","_kad_post_content_style":"default","_kad_post_vertical_padding":"hide","_kad_post_feature":"show","_kad_post_feature_position":"above","_kad_post_header":false,"_kad_post_footer":false,"footnotes":""},"class_list":["post-60","page","type-page","status-publish","hentry"],"_links":{"self":[{"href":"https:\/\/orosound.com.tr\/index.php\/wp-json\/wp\/v2\/pages\/60","targetHints":{"allow":["GET"]}}],"collection":[{"href":"https:\/\/orosound.com.tr\/index.php\/wp-json\/wp\/v2\/pages"}],"about":[{"href":"https:\/\/orosound.com.tr\/index.php\/wp-json\/wp\/v2\/types\/page"}],"author":[{"embeddable":true,"href":"https:\/\/orosound.com.tr\/index.php\/wp-json\/wp\/v2\/users\/1"}],"replies":[{"embeddable":true,"href":"https:\/\/orosound.com.tr\/index.php\/wp-json\/wp\/v2\/comments?post=60"}],"version-history":[{"count":154,"href":"https:\/\/orosound.com.tr\/index.php\/wp-json\/wp\/v2\/pages\/60\/revisions"}],"predecessor-version":[{"id":443,"href":"https:\/\/orosound.com.tr\/index.php\/wp-json\/wp\/v2\/pages\/60\/revisions\/443"}],"wp:attachment":[{"href":"https:\/\/orosound.com.tr\/index.php\/wp-json\/wp\/v2\/media?parent=60"}],"curies":[{"name":"wp","href":"https:\/\/api.w.org\/{rel}","templated":true}]}}